n base 4, what is 3 + -30132110?
-30132101
In base 14, what is -5 + -42aba?
-42ac1
In base 8, what is 75 + 310?
405
In base 2, what is 111110 + 100001100011111?
100001101011101
In base 4, what is 11000131 - 3?
11000122
In base 10, what is 7883 - 5?
7878
In base 15, what is bee2 - 1e?
bec3
In base 12, what is 6 - 11?
-7
In base 16, what is -8 - 36d?
-375
In base 2, what is 10011011 - 10001001000?
-1110101101
In base 6, what is 5 - 1345330?
-1345321
In base 9, what is 362161 + -1?
362160
In base 4, what is 111 + 2003210?
2003321
In base 12, what is -5094 - -11?
-5083
In base 12, what is 4 + 10210?
10214
In base 3, what is 0 - 21010112?
-21010112
In base 12, what is -19 + 8?
-11
In base 6, what is -5 - 2554051?
-2554100
In base 3, what is -102012200220 + 1?
-102012200212
In base 3, what is -20011 - 1200001?
-1220012
In base 16, what is -670a1 - 4?
-670a5
In base 9, what is 23 + -3063?
-3040
In base 15, what is -43cb + 13?
-43b8
In base 7, what is -5 - 1523403?
-1523411
In base 14, what is -a - 12c20?
-12c2a
In base 4, what is 212 + -133?
13
In base 10, what is -33376 + 5?
-33371
In base 12, what is -4 + -120568?
-120570
In base 15, what is db - -76?
162
In base 11, what is 412240 - -5?
412245
In base 12, what is 3 - -4bb?
502
In base 4, what is 2010312111 - -11?
2010312122
In base 11, what is 3 + -71900?
-718a8
In base 16, what is -17de3f - 1?
-17de40
In base 7, what is -5 - 261454?
-261462
In base 16, what is 14 - 14d3?
-14bf
In base 3, what is -1111 + -2011001110?
-2011002221
In base 4, what is -210 - -100233?
100023
In base 7, what is -4 - -2161206?
2161202
In base 13, what is -a2 - 1a?
-bc
In base 8, what is 126 + 4542?
4670
In base 2, what is -100 + -1011100000001111111?
-1011100000010000011
In base 11, what is 166 - -6284?
643a
In base 3, what is -2 - -22010112?
22010110
In base 10, what is -46 + -18660?
-18706
In base 13, what is c + -2c4?
-2b5
In base 11, what is 2 - 180a7?
-180a5
In base 6, what is -32222 - 34?
-32300
In base 6, what is -5134 + -51?
-5225
In base 11, what is a50662 - 1?
a50661
In base 6, what is -100322 - 100?
-100422
In base 9, what is -5784 + -107?
-6002
In base 14, what is 2414 + -5?
240d
In base 12, what is 762 + -41?
721
In base 12, what is -9 + 3019?
3010
In base 9, what is 8 + -717466?
-717457
In base 5, what is 11 - 2144113?
-2144102
In base 12, what is -3 + 60376?
60373
In base 4, what is 10 + -2111310?
-2111300
In base 6, what is -105 - 2331?
-2440
In base 5, what is 144 - -131003?
131202
In base 12, what is 110a + 1b?
1129
In base 6, what is -2 - -545434?
545432
In base 2, what is 10 + -100101010011000110?
-100101010011000100
In base 6, what is -33 + 524?
451
In base 12, what is 7a + 62?
120
In base 6, what is -244334 + 1?
-244333
In base 12, what is 1121 - -177?
1298
In base 10, what is 12 + -99369?
-99357
In base 9, what is -4567046 - -2?
-4567044
In base 7, what is 162 - -265612?
266104
In base 11, what is 284 + 17a?
453
In base 6, what is -1153540 - -33?
-1153503
In base 7, what is 3004243 + -4?
3004236
In base 3, what is 1000 - 211211?
-210211
In base 4, what is 211 - 2200322?
-2200111
In base 12, what is -6 - 3099?
-30a3
In base 12, what is -6a7b + -4?
-6a83
In base 15, what is -36b - 399?
-715
In base 6, what is 1010 - 45210?
-44200
In base 16, what is -563 - -aeb?
588
In base 5, what is -1134 - -14134?
13000
In base 3, what is -22 - 120212020?
-120212112
In base 12, what is -6 - 1114b?
-11155
In base 6, what is 145 + -542505?
-542320
In base 15, what is -1d - -74?
56
In base 9, what is 0 - 8212?
-8212
In base 7, what is -2 + 52621?
52616
In base 6, what is 130013 + -2?
130011
In base 16, what is 4b8 + -15?
4a3
In base 12, what is 1a7766 - -1?
1a7767
In base 13, what is -2a1 - 3a6?
-677
In base 8, what is 40746736 + -4?
40746732
In base 14, what is 100 - 84?
5a
In base 8, what is 1156 - 52?
1104
In base 16, what is 6 + 2d0d?
2d13
In base 15, what is -205d - -33?
-202a
In base 2, what is 101 - -110010111010001?
110010111010110
In base 8, what is 211 - -7464?
7675
In base 9, what is 2 - 25324?
-25322
In base 6, what is 2 + -24414?
-24412
In base 3, what is -12 - 200020121?
-200020210
In base 3, what is 1211020 + -22?
1210221
In base 9, what is 2032103 - -5?
2032108
In base 15, what is -1630 - -49?
-15d6
In base 15, what is -35 - -10058?
10023
In base 5, what is 20241 - 12113?
3123
In base 11, what is -1 - 74918?
-74919
In base 13, what is -2180c + 7?
-21805
In base 5, what is -111241 - -1244?
-104442
In base 12, what is 5 + 250b39?
250b42
In base 5, what is 3403 + -213400?
-204442
In base 5, what is 2 - 31224?
-31222
In base 16, what is 5e403 + -4?
5e3ff
In base 15, what is 157a + 12?
158c
In base 3, what is -11111000 + -2?
-11111002
In base 6, what is 3 - -313115?
313122
In base 16, what is -1263 - 52?
-12b5
In base 14, what is c6b + -111?
b5a
In base 12, what is 9 - 664a?
-6641
In base 16, what is -10f + 439?
32a
In base 9, what is -16 - 23351?
-23367
In base 13, what is 3910c - 0?
3910c
In base 4, what is -10302322 + 133?
-10302123
In base 16, what is 125 - -7f?
1a4
In base 11, what is -76 + -9792?
-9858
In base 9, what is -4133 + 14?
-4118
In base 6, what is -14043 - -322?
-13321
In base 6, what is 1050222 + 0?
1050222
In base 6, what is 34133 - -1155?
35332
In base 3, what is -102 + -10122112?
-10122221
In base 14, what is 3 - 7956?
-7953
In base 11, what is 3 + -81a65?
-81a62
In base 4, what is 3 - -21130122?
21130131
In base 2, what is -10100001111101011 - -10001?
-10100001111011010
In base 11, what is -a866 - -2?
-a864
In base 12, what is -745 + 60?
-6a5
In base 12, what is -5 + -1aaa7?
-1aab0
In base 15, what is -54 + e6?
92
In base 13, what is 2582b - 5?
25826
In base 2, what is -100 - -101111111111100101?
101111111111100001
In base 9, what is 115 + -5020?
-4804
In base 11, what is -387 + -396?
-772
In base 9, what is 20 + 40626?
40646
In base 10, what is -28 + -19?
-47
In base 13, what is -1035aa8 + 5?
-1035aa3
In base 11, what is 14484 - -104?
14588
In base 4, what is -1102023 - 32?
-1102121
In base 2, what is 10111 - -100100101101011?
100100110000010
In base 10, what is -855 + 274?
-581
In base 13, what is 3 + -8943?
-8940
In base 14, what is 1a + 205c?
2078
In base 6, what is 55551 - -143?
100134
In base 9, what is -37462 + 5?
-37456
In base 8, what is 3155 + 5?
3162
In base 9, what is -24431 + 68?
-24352
In base 3, what is -101010 + -211?
-101221
In base 6, what is -5 - -2113222?
2113213
In base 15, what is 25eb2 - -2?
25eb4
In base 16, what is 25c30 - -5?
25c35
In base 5, what is 3231 - -1011?
4242
In base 11, what is 304 - -11?
315
In base 3, what is -10001222222 - 11?
-10002000010
In base 13, what is -7ba6 + -4?
-7baa
In base 8, what is 127 + -507?
-360
In base 6, what is -404450 + -10?
-404500
In base 4, what is -13 + 213102?
213023
In base 4, what is -12 + 300313101?
300313023
In base 7, what is 36 - -661164?
661233
In base 5, what is 10 - 1244240?
-1244230
In base 5, what is -1301443 - 213?
-1302211
In base 16, what is fbb9 - 1?
fbb8
In base 3, what is 2 + -2111122?
-2111120
In base 7, what is -2 + 525532?
525530
In base 13, what is 3378 + 3?
337b
In base 4, what is 22 - -1121111?
1121133
In base 2, what is 10111001 + -10001101101?
-1110110100
In base 15, what is 29 - 346c?
-3443
In base 8, what is 7047 + -31?
7016
In base 16, what is -cbd + -c?
-cc9
In base 16, what is -4a - 16488?
-164d2
In base 7, what is -201 - 44620?
-45121
In base 13, what is 4b3485 - 5?
4b3480
In base 13, what is 1 + 4bac?
4bb0
In base 11, what is -6798 + 17?
-6781
In base 12, what is -33 - 1657?
-168a
In base 10, what is 2 - -59041?
59043
In base 2, what is -111001110101000100 + 11?
-111001110101000001
In base 4, what is -20 + -1232201?
-1232221
In base 8, what is 377 - -4120?
4517
In base 10, what is -82 - 14?
-96
In base 14, what is 14 + 5347?
535b
In base 16, what is 7fd + 9e?
89b
In base 16, what is 2 + -69326?
-69324
In base 15, what is -e418 - -5?
-e413
In base 6, what is -223542 + -1?
-223543
In base 15, what is 0 + 6b62?
6b62
In base 3, what is -22211012002 + -101?
-22211012110
In base 2, what is -110010110011111 - 11011?
-110010110111010
In base 9, what is -5 + -502?
-507
In base 9, what is -4 - -24843?
24838
In base 5, what is 43 - 113341?
-113243
In base 10, what is 3 - 6123?
-6120
In base 11, 